{"id":32,"date":"2025-11-05T04:05:48","date_gmt":"2025-11-05T04:05:48","guid":{"rendered":"https:\/\/milagroso.infiniteserver.com.br\/?post_type=product&#038;p=32"},"modified":"2025-11-05T04:05:49","modified_gmt":"2025-11-05T04:05:49","slug":"cura-jes-30-capsulas","status":"publish","type":"product","link":"https:\/\/milagroso.infiniteserver.com.br\/?product=cura-jes-30-capsulas","title":{"rendered":"Cura Je&#8217;s &#8211; 30 C\u00e1psulas"},"content":{"rendered":"<p style=\"text-align: justify;\">Cura Je\u2019s \u00e9 um suplemento com nanotecnologia exclusiva COLMAVIT 2, que combina Col\u00e1geno Tipo II, Curcuma e Cravo da india, atuando na preven\u00e7\u00e3o de doen\u00e7as articulares em \u00e1reas como pesco\u00e7o, ombros, cotovelos, m\u00e3os, coluna, quadril, joelhos e p\u00e9s. Al\u00e9m de melhorar a flexibilidade, este b\u00e1lsamo \u00e9 indicado para condi\u00e7\u00f5es como artrite, reumatismo, gota, bursite, tendinite, t\u00fanel do carpo, osteodistrofia, fibromialgia, bem como para a sa\u00fade \u00f3ssea e das cartilagens. O produto tamb\u00e9m pode trazer disposi\u00e7\u00e3o em casos de des\u00e2nimo e prostra\u00e7\u00e3o causados por quadros an\u00eamicos, e ajudar em casos de nevralgia (dor de dente) gra\u00e7as \u00e0s suas propriedades anti-inflamat\u00f3rias, reduzindo e prevenindo dores e inflama\u00e7\u00f5es.<\/p>\n","protected":false},"excerpt":{"rendered":"<p>Cura Je\u2019s \u00e9 um suplemento com nanotecnologia exclusiva COLMAVIT 2, que combina Col\u00e1geno Tipo II, Curcuma e Cravo da india, atuando na preven\u00e7\u00e3o de doen\u00e7as articulares em \u00e1reas como pesco\u00e7o, ombros, cotovelos, m\u00e3os, coluna, quadril, joelhos e p\u00e9s. Al\u00e9m de melhorar a flexibilidade, este b\u00e1lsamo \u00e9 indicado para condi\u00e7\u00f5es como artrite, reumatismo, gota, bursite, tendinite, t\u00fanel do carpo, osteodistrofia, fibromialgia, bem como para a sa\u00fade \u00f3ssea e das cartilagens. O produto tamb\u00e9m pode trazer disposi\u00e7\u00e3o em casos de des\u00e2nimo e prostra\u00e7\u00e3o causados por quadros an\u00eamicos, e ajudar em casos de nevralgia (dor de dente) gra\u00e7as \u00e0s suas propriedades anti-inflamat\u00f3rias, reduzindo e prevenindo dores e inflama\u00e7\u00f5es.<\/p>\n","protected":false},"featured_media":33,"comment_status":"open","ping_status":"closed","template":"","meta":{"_acf_changed":false},"product_brand":[],"product_cat":[18,23,26,16,17,20,24,21,22,25,19,15],"product_tag":[],"class_list":{"0":"post-32","1":"product","2":"type-product","3":"status-publish","4":"has-post-thumbnail","6":"product_cat-bem-estar","7":"product_cat-cosmeticos","8":"product_cat-creme-fecial","9":"product_cat-dores","10":"product_cat-emagrecimento","11":"product_cat-estimulante","12":"product_cat-maquiagem","13":"product_cat-saude-feminina","14":"product_cat-saude-masculina","15":"product_cat-shampoo","16":"product_cat-sono-ansiedade","17":"product_cat-suplementos","19":"first","20":"instock","21":"shipping-taxable","22":"purchasable","23":"product-type-simple"},"acf":{"link_do_produto":null},"_links":{"self":[{"href":"https:\/\/milagroso.infiniteserver.com.br\/index.php?rest_route=\/wp\/v2\/product\/32","targetHints":{"allow":["GET"]}}],"collection":[{"href":"https:\/\/milagroso.infiniteserver.com.br\/index.php?rest_route=\/wp\/v2\/product"}],"about":[{"href":"https:\/\/milagroso.infiniteserver.com.br\/index.php?rest_route=\/wp\/v2\/types\/product"}],"replies":[{"embeddable":true,"href":"https:\/\/milagroso.infiniteserver.com.br\/index.php?rest_route=%2Fwp%2Fv2%2Fcomments&post=32"}],"wp:featuredmedia":[{"embeddable":true,"href":"https:\/\/milagroso.infiniteserver.com.br\/index.php?rest_route=\/wp\/v2\/media\/33"}],"wp:attachment":[{"href":"https:\/\/milagroso.infiniteserver.com.br\/index.php?rest_route=%2Fwp%2Fv2%2Fmedia&parent=32"}],"wp:term":[{"taxonomy":"product_brand","embeddable":true,"href":"https:\/\/milagroso.infiniteserver.com.br\/index.php?rest_route=%2Fwp%2Fv2%2Fproduct_brand&post=32"},{"taxonomy":"product_cat","embeddable":true,"href":"https:\/\/milagroso.infiniteserver.com.br\/index.php?rest_route=%2Fwp%2Fv2%2Fproduct_cat&post=32"},{"taxonomy":"product_tag","embeddable":true,"href":"https:\/\/milagroso.infiniteserver.com.br\/index.php?rest_route=%2Fwp%2Fv2%2Fproduct_tag&post=32"}],"curies":[{"name":"wp","href":"https:\/\/api.w.org\/{rel}","templated":true}]}}